a90?
2406a94
In base 16, what is 3 - 15324?
-15321
In base 13, what is 1c - -47ab0c?
47ab2b
In base 11, what is -187136 - -116?
-187020
In base 5, what is 330 - -311200?
312030
In base 2, what is -1001101010001000 + -1100001110?
-1001110110010110
In base 14, what is -6 - -59291?
59289
In base 6, what is 2441110 - 3353?
2433313
In base 8, what is 32401114 + 5?
32401121
In base 8, what is 2643223 + 423?
2643646
In base 12, what is -7b851 - -b4?
-7b759
In base 8, what is 40 + -231324241?
-231324201
In base 6, what is -21040532 - 2002?
-21042534
In base 7, what is 30 + -1441002?
-1440642
In base 12, what is 20999 - -21?
209ba
In base 11, what is -317 + -3a27?
-4243
In base 9, what is 327768378 + -4?
327768374
In base 3, what is 100101121110 + 2200?
100101201010
In base 3, what is 21110110 + -1202110?
12201000
In base 5, what is -1140134013310 - 0?
-1140134013310
In base 8, what is 32064 - 35610?
-3524
In base 4, what is -1222 - 1230313120?
-1230321002
In base 7, what is 22 + 141163205?
141163230
In base 3, what is -1021 + -11000112101110?
-11000112102201
In base 14, what is -d0c + -2a8?
-11b6
In base 4, what is -11 - 21233333013220?
-21233333013231
In base 5, what is 223 + -3322121?
-3321343
In base 3, what is -1111001 - 1111221?
-2222222
In base 7, what is 266505 - 50?
266425
In base 3, what is 21200211 - -111201211?
210102122
In base 6, what is 1255 + 223303?
225002
In base 13, what is 74a20cb - -9?
74a2107
In base 6, what is -12133231 + -225?
-12133500
In base 7, what is 2650 - -123515?
126465
In base 6, what is -2534154 - 3031?
-2541225
In base 13, what is 8a47bc2 - 4?
8a47bbb
In base 14, what is 428d09 + c?
428d17
In base 8, what is 461 + -327243?
-326562
In base 10, what is -114074 - 33?
-114107
In base 8, what is -3 + 13046731?
13046726
In base 16, what is 3 - -26311?
26314
In base 15, what is 4 + -1293b2e2?
-1293b2dd
In base 13, what is b931684 + -1?
b931683
In base 15, what is -ad5a + -ac?
-ae17
In base 11, what is -43a9a0 - 11?
-43aa01
In base 3, what is -110120 + 12002121?
11122001
In base 16, what is -2a - -75649?
7561f
In base 5, what is 132121230342 - -2?
132121230344
In base 12, what is -3 - -357aa88?
357aa85
In base 7, what is 30036 - -101511?
131550
In base 6, what is 1041055545 + -4?
1041055541
In base 14, what is -13 - 40adb5d?
-40adb72
In base 15, what is -1a7e485 - 3?
-1a7e488
In base 2, what is -10001011100100011 + -10000110010011?
-10011100010110110
In base 15, what is 154d94 + -8?
154d8b
In base 3, what is 1002012200 - 2221022?
222021101
In base 11, what is -4 + a122a983?
a122a97a
In base 3, what is 10001101200211212 - -2?
10001101200211221
In base 7, what is 14110 - -15222?
32332
In base 6, what is -112032441 + 13?
-112032424
In base 3, what is -200221202 - 112200020?
-1020121222
In base 12, what is -47a0 - 156b2?
-1a292
In base 14, what is -2 - -2c5b999?
2c5b997
In base 8, what is 30 + -35164664?
-35164634
In base 5, what is 2 - -14422434243?
14422434300
In base 6, what is 5131 + 55301?
104432
In base 5, what is 322144414201 + 10?
322144414211
In base 13, what is 376886c + 39?
37688a8
In base 11, what is -2222297 - -32?
-2222265
In base 14, what is -2324 - 10d0b?
-13231
In base 7, what is 2642 - -162410?
165352
In base 14, what is 9d37 - 326?
9a11
In base 15, what is -4b554 + 5e?
-4b4e5
In base 11, what is 2 - -15037451?
15037453
In base 12, what is 462b60 + 1?
462b61
In base 11, what is 4 - -202470?
202474
In base 7, what is 2344312 - 1011?
2343301
In base 6, what is 5 - 502554441?
-502554432
In base 13, what is -2817c2 - 37?
-281829
In base 13, what is 110 - 371733?
-371623
In base 11, what is -91961 + -15?
-91976
In base 9, what is -2 - 54215757?
-54215760
In base 7, what is -125132 - 3356?
-131521
In base 16, what is 360c2 - -23?
360e5
In base 13, what is -16b - -28ab9?
2894b
In base 8, what is -11335204 - -72?
-11335112
In base 15, what is b8 - -2e51?
3019
In base 4, what is -100213331331 + -10?
-100213332001
In base 10, what is 7838694 - -126?
7838820
In base 14, what is -6594 - -ba6a?
54b6
In base 2, what is 100000011101100111101001000 - 101?
100000011101100111101000011
In base 7, what is -1565 - -144132?
142234
In base 12, what is -298 - 16037?
-16313
In base 13, what is 7339038 + -1?
7339037
In base 2, what is 10011010100 + 10000110001001011?
10001000100011111
In base 13, what is 3a + -15195?
-15158
In base 16, what is -263be - 2eb?
-266a9
In base 8, what is 12250170 - 26?
12250142
In base 4, what is 3120012 - -12?
3120030
In base 4, what is 210 - -3232032320?
3232033130
In base 13, what is 4162 - 31b5?
c7a
In base 12, what is -592241 + -3?
-592244
In base 14, what is 49 - c8a1?
-c856
In base 3, what is 1122222 + -111110110?
-102210111
In base 8, what is 124142 - -7312?
133454
In base 3, what is -12 - -200021220020101011?
200021220020100222
In base 10, what is -12555 + -2?
-12557
In base 16, what is -47e - 367a6?
-36c24
In base 2, what is 1101010011010110010 - -10010?
1101010011011000100
In base 12, what is -5 - -312298?
312293
In base 7, what is 3 + 65604411?
65604414
In base 9, what is 36447034 - -3?
36447037
In base 2, what is -11001011010 + -110101101110001?
-111000111001011
In base 3, what is 2 + 20120001021210?
20120001021212
In base 5, what is 21220441432 - -1?
21220441433
In base 6, what is -50 + -142420213?
-142420303
In base 6, what is 2205422434 + 4?
2205422442
In base 12, what is -55a + -28502?
-28a60
In base 5, what is -33321 + -331011?
-414332
In base 3, what is -22221000222111011 + 1?
-22221000222111010
In base 4, what is -2 + -21001313302?
-21001313310
In base 10, what is 39918663 + 4?
39918667
In base 15, what is -4 + 212bb?
212b7
In base 13, what is 91 + c4c9c?
c5060
In base 6, what is -50033 - 102115?
-152152
In base 10, what is 10 + 243501?
243511
In base 8, what is 14200 + -24457?
-10257
In base 2, what is -100000110 - 10010100000000?
-10011000000110
In base 3, what is -20221211 - -1200210011?
1102211100
In base 9, what is 1162318762 - -3?
1162318765
In base 9, what is -4387724483 + 5?
-4387724477
In base 6, what is -432 + 1051123?
1050251
In base 15, what is 32079bd + -12?
32079ab
In base 9, what is 776 - 41217?
-40331
In base 5, what is -3020120 - -124?
-3014441
In base 12, what is -56a55290 + 5?
-56a55287
In base 12, what is -6 + 703b454?
703b44a
In base 10, what is 4142988 + 0?
4142988
In base 7, what is -11644 + -344?
-12321
In base 10, what is 22165285 + 3?
22165288
In base 13, what is -5 + 2023a80?
2023a78
In base 9, what is 615308386 - 1?
615308385
In base 7, what is 115 + -20624?
-20506
In base 2, what is -111011000101100001111100 + -100?
-111011000101100010000000
In base 16, what is -620 + 76da?
70ba
In base 9, what is 21851100 - 5?
21851084
In base 11, what is -42 - 2079a84?
-207a016
In base 3, what is 10 - -1212011011011002?
1212011011011012
In base 8, what is 7 + -24205602?
-24205573
In base 3, what is 12000221120220 + -201?
12000221120012
In base 6, what is -202443143 + 51?
-202443052
In base 16, what is 238 - 4e47d?
-4e245
In base 9, what is 3325578 - 71?
3325507
In base 12, what is -3 - 102762?
-102765
In base 5, what is 2 - -403420440?
403420442
In base 13, what is b91 + -9388?
-84c7
In base 2, what is 100001011 + 1011101110?
1111111001
In base 7, what is 5 - -2366353314?
2366353322
In base 10, what is -25 - -628890?
628865
In base 10, what is -8 + -38273053?
-38273061
In base 3, what is 11100 + 20220201011212?
20220201100012
In base 7, what is 2150 + 620552?
623032
In base 12, what is -1169 - -440?
-929
In base 14, what is 31c6445 - 0?
31c6445
In base 16, what is -15919a3 - -1?
-15919a2
In base 12, what is -12b - -2336?
2207
In base 13, what is 0 + 78734?
78734
In base 7, what is 2 + 1201020342?
1201020344
In base 12, what is -16b - -4667?
44b8
In base 10, what is 43 + 69980?
70023
In base 6, what is -135531013 + 3?
-135531010
In base 10, what is -7 + 132993?
132986
In base 4, what is -2030212 + -21211?
-2112023
In base 5, what is 200332232 + 31?
200332313
In base 14, what is -176 + -4785?
-491b
In base 4, what is 331 - -103201001222?
103201002213
In base 9, what is -1148 + -13467?
-14626
In base 5, what is 4 + 1401004032?
1401004041
In base 4, what is 1002 + -22120113000?
-22120111332
In base 12, what is -59 + -2369373?
-2369410
In base 12, what is 1 + 817419?
81741a
I